 + -2.
-43
Calculate 36 - (-9 + 44 - -50).
-49
What is the value of (-3 + 2 - -25) + (210 - 170)?
64
What is the value of 41 - 42 - (2 + (3 - 7) - (-26 + -71))?
-96
What is (2 - (-12 - (3 + -7))) + 10 + -13?
7
What is the value of -218 - -236 - (7 + -28)?
39
What is (-11 - 4) + 31 + -16 - (77 - 9)?
-68
Calculate 428 - 418 - (0 + 5) - 35.
-30
What is (0 - -6) + -73 - (-2 - 1 - (-28 - -26))?
-66
What is the value of -33 + -9 + -22 + 16 + -5?
-53
Evaluate 56 + -7 + 5 + -9 + 3 + -10.
38
Evaluate 953 + -1027 - (1 - 0 - (8 + 14)).
-53
(-40 + 8 - -40) + 13
21
What is 10 + (-64 - -6) + 1 + 7 + 7 + 4?
-29
What is the value of (13 - (-24 - 26)) + 3 + -12 + 0 - -4?
58
What is -79 + (-3 - (1 + -1) - (74 - (-9 - -77)))?
-88
Evaluate (-43 - -44 - 39) + 28.
-10
What is the value of 34 + -231 + 272 - (-35 - -1)?
109
What is 27 - 1 - (-970 + 903)?
93
What is 91 + -45 + 56 + -15?
87
What is the value of 34 + 65 + -128 + 19?
-10
What is (0 - -6) + (47 - -10) + -42?
21
2 + (5 - 4) + 78 + (-15 - (24 + -27))
69
What is 15 + (3 - (21 - 32)) + -23?
6
What is the value of (-51 - 13) + (-42 - -59)?
-47
-46 - (19 - 73) - -8
16
What is -113 - (2 + 6 + -13 + 3 - -12)?
-123
What is the value of 40 - (-41 + 0 + -862 + 930)?
13
-37 + 17 + 75 + (-7 - 17)
31
Calculate -18 + 16 - (-1 + -23) - -13.
35
Calculate -47 + (33 - (-2 - -27 - 20)).
-19
Evaluate (-1 - 1 - (-21 + -2)) + -208 + 208.
21
Evaluate -2 + -1 - (48 + -39) - 9.
-21
Evaluate (-2 - -30) + -1556 + 1542.
14
Calculate (-145 - -31) + (242 - 215).
-87
What is the value of 0 + 11 + (-19 - -19) - (5 - 11)?
17
What is the value of -20 - (10 + ((-9 - -3) + 5 - 0))?
-29
71 - (-135 - -65 - -202)
-61
What is the value of (-1 - -1) + -19 + (11 - (-8 + 6 + 23))?
-29
Calculate 46 + -1 - (963 + -975 - (2 + -14)).
45
What is 8 + (66 - (8 + 0 + 5) - (-6 + -5))?
72
What is (66 - (-68 + 71 - (0 + -5))) + (21 - 19)?
60
Evaluate -6 + 3 + (-503 - -495).
-11
Evaluate (1 - 7) + -1 + (-1354 - -1340).
-21
What is -40 + (116 - 72) - (1 + 7) - (1 + 17)?
-22
What is -9 + -46 - (-96 + 80)?
-39
-34 - (34 + (-48 - 7))
-13
What is the value of -35 + (75 - 55) - -34?
19
45 - 87 - (1 + 17) - (1 - 12)
-49
Calculate -36 - (-50 - -3) - 27 - (2 - -79).
-97
Evaluate 80 + 5 + (2 - 3) + -276 + 260.
68
Calculate -2 + 29 + -1 - (33 + -37).
30
(-95 - (-107 - -26)) + 25
11
What is the value of -53 + 105 - 54 - -29?
27
-5 + (43 - (25 - 10)) - 71
-48
What is 0 + 3 - (97 + -180 - -62)?
24
-2093 + 2099 + -40 + 0
-34
Calculate -5 + (-2 - (3 - -1) - -1) - (-420 - -413).
-3
What is the value of (31 - 93) + 3 + 14 + -81?
-126
What is 3 + 8 + (-180 - -143 - (6 + -22))?
-10
Evaluate 27 - (-26 + (25 - -31)).
-3
What is the value of 24 + (-2 - (-5 - 0)) + (-11 - -3)?
19
Evaluate 79 + (-87 - 7) + -13.
-28
Calculate -19 - (10 + -2 + (-18 - 3)).
-6
Calculate -8 - ((9 - (9 - 13) - 6) + (-6 - -22)).
-31
Calculate -10 + -1 + (27 - (20 + -17)) + -13.
0
What is the value of 98 - (59 + 78 + -78)?
39
What is the value of (1 - 35) + -38 + (36 - -25)?
-11
What is the value of (61 - -1) + -1361 + 1349?
50
Evaluate -6 + (-12 - (-13 - -8)) + 25 + -54.
-42
What is the value of 68 + 9 + -5 - (-340 - -357)?
55
Calculate 12 - (-3 + 0 + -84 - ((35 - -8) + -39)).
103
What is (-80 - -11) + (-6 - -29) + -8 + 0 + -1?
-55
What is -53 - (35 - 44) - -43?
-1
What is 6 - (-45 + -35 + 75)?
11
Calculate (2 - (-3 + 6)) + (-41 - (-43 - -14)).
-13
What is (93 - 100) + (-2 - (1 - 10)) + 6?
6
105 - 46 - (2 - (3 - 7))
53
What is -14 - (-4 + (72 - (-42 + 77)))?
-47
What is 53 + -4 + -49 - (0 - 28 - 0)?
28
Evaluate 16 - (9 - (6 + 10 + -3) - -23).
-3
Evaluate -17 - (16 + -8) - -6.
-19
0 + 0 + -11 + 4 - (2438 + -2451)
6
-35 + (5 - (6 + 6)) - (-4 - -3 - 5)
-36
Calculate -4 + 2 + -11 - (-84 - -148 - 132).
55
Calculate (-3 - -2 - (-8 - -16)) + -3 + (-12 - 45).
-69
Calculate -5 + -6 + 46 - (1521 + -1348).
-138
What is (-25 - -10) + 17 + -21 + (3 - -1) + 167?
152
-101 + 55 + 58 - 10
2
Evaluate 71 + (-53 - 23 - -16).
11
What is -15 - (-83 - (-6 - (-25 + 10)))?
77
What is the value of (9 + -1 - 16 - (-6 - (4 + -5))) + 56?
53
Evaluate -7 + (-51 - -46) + (1 - -79) + -8.
60
What is -3 + -12 + (2 - 4) + (5 - 17)?
-29
Calculate -46 - -48 - 11 - 54.
-63
What is (10 - (13 + -17)) + -4 + -33?
-23
What is the value of 26 - (-13 + 19 + -5)?
25
Evaluate -13 + 15 - -4 - 3 - (-1 + -7 + 23).
-12
What is 0 + 2 + (-18 - (-15 + 34 + -49)) + 36?
50
What is the value of (10 - -2) + (-2 - 17) + 0 + 4 + 10?
7
What is -14 - -49 - 16 - 53 - -17?
-17
Evaluate 691 + -620 - ((-4 - -2) + -4).
77
11 + (1 - -110 - (12 + 23 + 0 + -22))
109
What is 2 + (41 - 41) + 1 + 4 + 32?
39
(-119 - (-137 + -4)) + (1 - (-3 + -42))
68
What is the value of 82 + (-178 - -26) - -38?
-32
Calculate (-17 + 32 - (7 + -2 - -13)) + -1.
-4
-54 - -53 - 31 - (-5 + 2)
-29
Evaluate -58 + 91 + -46 + (-2 + 2 - 0).
-13
What is the value of -8 + (-20 - -25) + 9 + -20 + -2 + 1?
-15
-10 + 0 + (-94 - -107) + -1 + -27
-25
Evaluate -10 - (-9 - (17 - 5 - (-32 - -33))).
10
What is the value of (11 - 0) + -1 - ((-27 - 45) + 35 - -4)?
43
Calculate 4 + (106 - 56) + -104.
-50
What is the value of -18 + 9 + (-4 - 0) + (22 - 14)?
-5
Calculate 1 + -30 - (-56 - (-20 + -65)).
-58
What is the value of (-750 - -788) + -6 + 44 + -8?
68
35 + -8 + 37 + 2 + 1 + -8 - 2
57
Calculate (-10 - -24) + (-100 - ((23 - 26) + 26)).
-109
Evaluate 29 + (18 - 51) - -40.
36
Calculate 0 - ((-34 - (17 - 32)) + 2).
17
Calculate -40 + (33 - (-34 - -58)).
-31
What is -32 + 13 + 2 + 33?
16
What is -44 - (45 + -24 + -65)?
0
What is (-19 + 12 - 6) + (-3 - -3) - (2 - -1)?
-16
What is the value of -53 + -4 - (-4 + 29 - 2 - 19)?
-61
0 + 9 - (-546 + 529 - (-1 - 27))
-2
What is (9 - 0) + (7 + -27 - (99 - 110))?
0
Calculate 7 + 2 + (8692 - 8656).
45
What is the value of -2 - (-10 + (-38 - -28)) - 29?
-11
What is 95 + (-87 - 3 - -69)?
74
Evaluate 26 + -10 + 5 - 9 - -14.
26
Calculate -82 - (-21 + 22) - -142.
59
-61 + 78 + 52 + -198
-129
-25 + (-15 - (-9 - 15)) + -45
-61
-19 + 95 + 17 + (-20 - 19)
54
Calculate (827 - 1023) + -4 + 126.
-74
Evaluate -54 + -33 + 114 + -62.
-35
What is the value of -51 - (-26 + -55 + 48)?
-18
65 - (-69 - (3 - (64 - 32)))
105
What is 49 - (47 - 72 - -26)?
48
What is the value of 35 + -21 + 0 + -10 + (-17 - 0)?
-13
What is the value of -29 + (5 - (-7 + -46 + 18))?
11
What is -12 - -1 - (-25 - (-24 + -8) - 28) - -1?
11
(5 - -9) + 135 + -98 - (7 + -1)
45
What is the value of (-5 - (-8 + 17 + 9)) + 21 + -17?
-19
Evaluate -1 + -16 + -3 + 135 + -97 + 13.
31
What is 63 + -4 - 59 - (-2 + 0 + -4)?
6
Calculate (-12 - -1) + -2 + -3 + (-32 - -54).
6
Calculate -5 - (-8 + -7 + (41 - 14)) - 52.
-69
Evaluate 229 + -240 - (3 - 43).
29
What is (37 - 16 - (20 - 9 - 13)) + -20?
3
What is (-23 + -26 - -24 - -48) + -9?
14
Evaluate -41 - ((33 - (52 + -14)) + 22).
-58
What is the value of -9 + -34 + -8 + (11 + 12 - 5)?
-33
43 - (64 - 134 - -101)
12
Evaluate 84 - (48 + -6 + 21).
21
Evaluate 48 - (99 + (-22 - -14)).
-43
Evaluate 4 - (-4 - (-9 + 8 - 8 - 1 - -19)).
17
Evaluate 86 + (18 - -2) + 10 + -37.
79
What is (95 - 28) + -43 - 19?
5
(-10 - (2 + 8 - (26 - 5) - -6)) + -2
-7
-20 + (1 - 0 - (-78 + 96))
-37
Calculate 52 + (9 - 60) - (1 + -4 - 1).
5
Calculate (-98 - -228 - 34) + -42.
54
What is the value of (63 - -8) + -86 + 88?
73
2 + -109 + 236 + -47 + -174
-92
Calculate 5 + 81 + 18 - 53.
51
-1 + 6 - 8 - -7 - (-4 + 11) - 42
-45
Evaluate 5 - (0 - 20) - (-28 + 1 - -28).
24
-9 - (1 - (-23 + 43 - 119)) - (-7 + 3)
-105
Evaluate 0 + -83 + 1 - (-105 + 96).
-73
(-46 - 38) + -8 + 2 + -2 + 155 + -144
-81
Calculate 210 + -30 + (1 - 44) - (-2 - -23).
116
What is the value of (7 - -6) + 7 + (-255 - -221)?
-14
-1 + -9 + 4 + -63 + 13 + 11
-45
(-3 + 9 + (-21 - (9 + -16)) - -12) + -57
-53
What is -14 - ((-161 - -147 - ((-2 - -1) + -12)) + -36)?
23
What is (-61 - -12) + 58 - ((-1 - 2) + 2 + -2)?
12
What is the value of (-31 + 11 - (-16 - (-4 + 1)) - -7) + 70?
70
Calculate -10 - -2 - -12 - 1 - -16.
19
11 - (9 - -23 - (6 + 0 + -2))
-17
What is 1 + 63 + 8 + (40 - 68) + -3 + 2?
43
-55 - -64 - 36 - -5
-22
Calculate (147 - (-7 - -5)) + (71 - 50 - 36).
134
Evaluate -12 + (-3 - 5) + (-2 + -23 - -27).
-18
Evaluate (0 - 53) + -40 + -14 + 59 + -24 + 12.
-60
-16 - (-24 + -8) - -17 - (45 - 33)
21
Calculate 21 + 1 + 9 + -33 + 9 + 30.
37
What is -107 + 126 - ((